{"id":201,"date":"2018-01-23T15:37:09","date_gmt":"2018-01-23T15:37:09","guid":{"rendered":"http:\/\/bridge136.qodeinteractive.com\/?page_id=201"},"modified":"2022-08-26T06:45:50","modified_gmt":"2022-08-26T06:45:50","slug":"chi-siamo","status":"publish","type":"page","link":"https:\/\/gasvaltiberina.it\/gas\/chi-siamo\/","title":{"rendered":"Chi Siamo"},"content":{"rendered":"<p>[vc_row css_animation=&#8221;&#8221; row_type=&#8221;row&#8221; use_row_as_full_screen_section=&#8221;no&#8221; type=&#8221;full_width&#8221; angled_section=&#8221;no&#8221; text_align=&#8221;left&#8221; background_image_as_pattern=&#8221;without_pattern&#8221;][vc_column][vc_single_image image=&#8221;259&#8243; img_size=&#8221;full&#8221; qode_css_animation=&#8221;&#8221;][\/vc_column][\/vc_row][vc_row css_animation=&#8221;&#8221; row_type=&#8221;row&#8221; use_row_as_full_screen_section=&#8221;no&#8221; type=&#8221;grid&#8221; angled_section=&#8221;no&#8221; text_align=&#8221;center&#8221; background_image_as_pattern=&#8221;without_pattern&#8221; z_index=&#8221;&#8221;][vc_column offset=&#8221;vc_col-lg-offset-2 vc_col-lg-8&#8243; css=&#8221;.vc_custom_1516710684527{margin-top: -134px !important;}&#8221;][qode_elements_holder number_of_columns=&#8221;one_column&#8221;][qode_elements_holder_item advanced_animations=&#8221;no&#8221; background_color=&#8221;#ffffff&#8221; item_padding=&#8221;42px 88px 59px 88px&#8221; item_padding_1280_1440=&#8221;42px 66px 59px 66px&#8221; item_padding_480=&#8221;71px 20px 59px 23px&#8221;][vc_column_text]<\/p>\n<h1>Chi Siamo<\/h1>\n<p>[\/vc_column_text][\/qode_elements_holder_item][\/qode_elements_holder][\/vc_column][\/vc_row][vc_row css_animation=&#8221;&#8221; row_type=&#8221;row&#8221; use_row_as_full_screen_section=&#8221;no&#8221; type=&#8221;full_width&#8221; angled_section=&#8221;no&#8221; text_align=&#8221;left&#8221; background_image_as_pattern=&#8221;without_pattern&#8221;][vc_column width=&#8221;1\/6&#8243;][\/vc_column][vc_column width=&#8221;2\/3&#8243; css=&#8221;.vc_custom_1661496348490{padding-right: 40px !important;padding-left: 40px !important;}&#8221;][vc_empty_space height=&#8221;50px&#8221;][vc_column_text]Siamo un gruppo di circa 50 famiglie che condividono\u00a0<span id=\"fbPhotoPageCaption\" class=\"fbPhotosPhotoCaption\" tabindex=\"0\" data-ft=\"{&quot;tn&quot;:&quot;*G&quot;,&quot;type&quot;:45}\"><span class=\"hasCaption\">esperienze di acquisto collettivo, orientate secondo precisi criteri di solidariet\u00e0,\u00a0 che hanno deciso di incontrarsi per acquistare all\u2019ingrosso e da piccoli produttori locali prodotti alimentari e di uso comune da ridistribuire tra loro.<br \/>\nAttraverso l\u2019acquisto di beni e servizi, il GAS ha<span class=\"text_exposed_show\">\u00a0come finalit\u00e0 la realizzazione di una concezione pi\u00f9 umana dell\u2019economia, vicina alle esigenze reali dell\u2019uomo e dell\u2019ambiente, formulando un\u2019etica del consumare in modo responsabile che unisca le persone invece di dividerle e favorisca nuove progettualit\u00e0 e la costruzione di reti di collaborazione nei diversi territori.<br \/>\nI criteri di solidariet\u00e0 si realizzano nella scelta di:<\/span><\/span><\/span><\/p>\n<p><strong>Produzioni locali:<\/strong>\u00a0per ridurre l\u2019inquinamento legato al trasporto, per conoscere personalmente i produttori e instaurare con loro rapporti continuativi e di fiducia.<br \/>\n<strong>Piccoli produttori:<\/strong>\u00a0perch\u00e9 pi\u00f9 interessati a una relazione diretta, per trovare un canale di vendita alternativo alla grande distribuzione; perch\u00e9 lavorano con pi\u00f9 intensit\u00e0 di manodopera e meno di capitale; perch\u00e9 \u00e8 pi\u00f9 facile conoscere le modalit\u00e0 di lavoro all\u2019interno dell\u2019azienda: preferire prodotti senza sfruttamento significa contribuire a regolare il mercato del lavoro.<br \/>\n<strong>Produzioni biologiche e naturali:<\/strong>\u00a0perch\u00e9 non utilizzano pesticidi, diserbanti, concimi chimici, che inquinano e consumano energia. Si preferiscono prodotti sfusi e, nel caso di imballaggi obbligatori, quelli maggiormente biodegradabili, ponendo attenzione all\u2019intera filiera di trasformazione e al recupero degli scarti di produzione (riciclo, riuso, riduzione dei rifiuti).<\/p>\n<p>L\u2019etica del consumare in modo responsabile vissuta nell\u2019esperienza del gruppo si realizza nella pratica della partecipazione, della fiducia, della convivialit\u00e0:<\/p>\n<p>la partecipazione \u00e8 uno degli elementi pi\u00f9 significativi dell\u2019esperienza: permette di trasformare i rapporti economici in una nuova modalit\u00e0 di relazione, che unisce le persone invece di dividerle, portandole a mettere in comune il tempo e le risorse invece di tenerle separate;<br \/>\nla condivisione che si crea, invece di rinchiudere ciascuno nel proprio mondo, produce un clima di reciproca fiducia, condizione in cui i problemi che si verificano vengono affrontati apertamente, discussi e risolti insieme, senza fare ricorso ai rapporti di forza tra le parti;<br \/>\ngli appuntamenti periodici di redistribuzione dei prodotti tra i membri del gruppo, gli incontri con i produttori, le gite per visitare le aziende del territorio, diventano occasioni di convivialit\u00e0 che contribuiscono a rinsaldare i legami tra le persone e le realt\u00e0 coinvolte.<\/p>\n<h4>STATUTO<\/h4>\n<p>1.\u00c9 costituita una Associazione denominata G.A.S. Valtiberina.<\/p>\n<p>2.L&#8217;Associazione non ha fini di lucro ed ha per scopo l&#8217;operare nel campo sociale e cooperativistico al fine di promuovere:<\/p>\n<p>&#8211; il consumo e la diffusione di prodotti biologici, naturali, eco-compatibili;<\/p>\n<p>&#8211; il sostegno dei piccoli produttori biologici stabilendo con essi rapporti diretti;<\/p>\n<p>&#8211; la solidariet\u00e0 tra i soci.<\/p>\n<p>3.Gli strumenti utilizzati sono:<\/p>\n<p>&#8211; acquisti collettivi di prodotti;<\/p>\n<p>&#8211; assistenza ed informazione ai soci nel campo alimentare biologico e nei settori ad esso collegati;<\/p>\n<p>&#8211; promozione dei prodotti eco-compatibili e delle loro tecniche di produzione ed utilizzo;<\/p>\n<p>&#8211; tutte le operazioni commerciali, finanziarie, immobiliari atte al raggiungimento dello scopo sociale.<\/p>\n<p>4.L&#8217;Associazione ha sede in Sansepolcro via Pacinotti n.10 e potr\u00e0 istituire altrove altre sedi.<\/p>\n<p>5.Il domicilio fiscale dei soci, per quanto concerne i loro rapporti con l&#8217;Associazione, si intende eletto a tutti gli effetti presso la sede sociale.<\/p>\n<p>6.La durata dell&#8217;Associazione \u00e8 fissata dalla data dell&#8217;atto costitutivo sino al 31\/12\/2030 e potr\u00e0 essere prorogata per deliberazione dell&#8217;Assemblea.<\/p>\n<p>7.Il patrimonio sociale \u00e8 costituito dalle quote sociali annuali, versate dai soci, che saranno stabilite di anno in anno dal C.D. Per il primo anno la quota sociale \u00e8 di euro 10. Faranno parte del patrimonio anche lasciti.<\/p>\n<p>ASSEMBLEA<\/p>\n<p>8.L&#8217;assemblea regolarmente costituita rappresenta l\u2019universalit\u00e0 dei soci. Le sue deliberazioni, prese in conformit\u00e0 alla legge e al presente statuto, obbligano tutti i soci. Essa \u00e8 ordinaria e straordinaria ai sensi di legge e potr\u00e0 essere convocata anche al di fuori della sede sociale. L&#8217;assemblea ordinaria \u00e8 convocata almeno una volta l&#8217;anno dal C.D. entro cinque mesi dalla chiusura dell&#8217;esercizio sociale.<\/p>\n<p>L&#8217;assemblea pu\u00f2 essere convocata anche da un quinto dei soci.<\/p>\n<p>9.Le convocazioni dell&#8217;assemblea saranno fatte a cura del C.D. con email inviata ai soci almeno otto giorni prima della data fissata con l&#8217;obbligo di invio a tutti i soci in regola con le quote sociali.<\/p>\n<p>10.Possono intervenire all&#8217;assemblea tutti i soci in regola con il versamento delle quote sociali. Ogni socio pu\u00f2 farsi rappresentare per delega scritta (max una delega) con le limitazioni previste dalla legge.<\/p>\n<p>11.L&#8217;assemblea sar\u00e0 presieduta dal presidente del C.D., dal vice presidente, o da altra persona designata dall&#8217;assemblea.<\/p>\n<p>12.L&#8217;assemblea, sia ordinaria che straordinaria, delibera validamente con le maggioranze stabilite dal Codice Civile. Il verbale di ogni assemblea verr\u00e0 stilato a cura del Segretario e controfirmato dal Presidente.<\/p>\n<p>AMMINISTRAZIONE<\/p>\n<p>13.L&#8217;associazione \u00e8 amministrata da un C.D. composto da tre o cinque o sette membri (a scelta dell&#8217;assemblea nel momento del rinnovo delle cariche sociali). Gli amministratori rimarranno in carica per anni tre rinnovabili o sino a dimissioni. L&#8217;assemblea ordinaria pu\u00f2 variare il numero dei consiglieri anche durante il mandato. In caso di dimissioni della maggioranza dei consiglieri si intender\u00e0 decaduto tutto il C.D.<\/p>\n<p>14.Qualora non abbia provveduto l&#8217;assemblea dei soci, il C.D. nominer\u00e0 tra i suoi membri il presidente e il tesoriere.<\/p>\n<p>15.Le riunioni del C.D. si terranno presso la sede sociale o altro luogo. Vengono convocate dal presidente a norma di legge.<\/p>\n<p>16.Il C.D. \u00e8 validamente riunito se sono presenti la met\u00e0 pi\u00f9 uno dei membri e delibera a maggioranza.<\/p>\n<p>17.Il Presidente ha tutti i poteri necessari per il conseguimento dell&#8217;oggetto sociale sia per l&#8217;ordinaria che per la straordinaria amministrazione, ad eccezione dei poteri che la legge e lo statuto riservano all&#8217;assemblea dei soci. Il C.D. pu\u00f2 delegare parte dei suoi poteri a singoli membri.<\/p>\n<p>18.I membri del C.D. non percepiscono alcun compenso salvo diverso deliberato assembleare.<\/p>\n<p>19.Il potere di rappresentanza dell&#8217;associazione nei rapporti con terzi e in giudizio, e il potere di firma per l&#8217;associazione, spettano al presidente.<\/p>\n<p>BILANCIO<\/p>\n<p>20.Gli esercizi sociali si chiuderanno al 31 dicembre di ogni anno. Alla fine di ogni esercizio il Presidente e il tesoriere provvederanno alla formazione del bilancio sociale da presentare all&#8217;assemblea dei soci.<\/p>\n<p>SCIOGLIMENTO<\/p>\n<p>21.In caso di scioglimento i beni ed il patrimonio dell&#8217;Associazione saranno devoluti ad enti con simili finalit\u00e0 o ad associazioni senza fini di lucro operanti nel campo del volontariato e della solidariet\u00e0&#8217;.<\/p>\n<p>VARIE<\/p>\n<p>22.Il presente statuto pu\u00f2 essere integrato da un &#8220;Regolamento&#8221; approvato all&#8217;assemblea dei soci.<\/p>\n<p>ARTICOLO FINALE<\/p>\n<p>Per quanto non previsto dal presente statuto ci si riferir\u00e0 al dettato del Codice Civile.[\/vc_column_text][vc_empty_space height=&#8221;70px&#8221;][\/vc_column][vc_column width=&#8221;1\/6&#8243;][\/vc_column][\/vc_row]<\/p>\n","protected":false},"excerpt":{"rendered":"<p>[vc_row css_animation=&#8221;&#8221; row_type=&#8221;row&#8221; use_row_as_full_screen_section=&#8221;no&#8221; type=&#8221;full_width&#8221; angled_section=&#8221;no&#8221; text_align=&#8221;left&#8221; background_image_as_pattern=&#8221;without_pattern&#8221;][vc_column][vc_single_image image=&#8221;259&#8243; img_size=&#8221;full&#8221; qode_css_animation=&#8221;&#8221;][\/vc_column][\/vc_row][vc_row css_animation=&#8221;&#8221; row_type=&#8221;row&#8221; use_row_as_full_screen_section=&#8221;no&#8221; type=&#8221;grid&#8221; angled_section=&#8221;no&#8221; text_align=&#8221;center&#8221; background_image_as_pattern=&#8221;without_pattern&#8221; z_index=&#8221;&#8221;][vc_column offset=&#8221;vc_col-lg-offset-2 vc_col-lg-8&#8243; css=&#8221;.vc_custom_1516710684527{margin-top: -134px !important;}&#8221;][qode_elements_holder number_of_columns=&#8221;one_column&#8221;][qode_elements_holder_item advanced_animations=&#8221;no&#8221; background_color=&#8221;#ffffff&#8221; item_padding=&#8221;42px 88px 59px 88px&#8221; item_padding_1280_1440=&#8221;42px 66px 59px 66px&#8221; item_padding_480=&#8221;71px 20px 59px 23px&#8221;][vc_column_text] Chi Siamo [\/vc_column_text][\/qode_elements_holder_item][\/qode_elements_holder][\/vc_column][\/vc_row][vc_row css_animation=&#8221;&#8221; row_type=&#8221;row&#8221; use_row_as_full_screen_section=&#8221;no&#8221;&#8230;<\/p>\n","protected":false},"author":1,"featured_media":0,"parent":0,"menu_order":0,"comment_status":"closed","ping_status":"closed","template":"full_width.php","meta":{"footnotes":""},"class_list":["post-201","page","type-page","status-publish","hentry"],"_links":{"self":[{"href":"https:\/\/gasvaltiberina.it\/gas\/wp-json\/wp\/v2\/pages\/201","targetHints":{"allow":["GET"]}}],"collection":[{"href":"https:\/\/gasvaltiberina.it\/gas\/wp-json\/wp\/v2\/pages"}],"about":[{"href":"https:\/\/gasvaltiberina.it\/gas\/wp-json\/wp\/v2\/types\/page"}],"author":[{"embeddable":true,"href":"https:\/\/gasvaltiberina.it\/gas\/wp-json\/wp\/v2\/users\/1"}],"replies":[{"embeddable":true,"href":"https:\/\/gasvaltiberina.it\/gas\/wp-json\/wp\/v2\/comments?post=201"}],"version-history":[{"count":7,"href":"https:\/\/gasvaltiberina.it\/gas\/wp-json\/wp\/v2\/pages\/201\/revisions"}],"predecessor-version":[{"id":351,"href":"https:\/\/gasvaltiberina.it\/gas\/wp-json\/wp\/v2\/pages\/201\/revisions\/351"}],"wp:attachment":[{"href":"https:\/\/gasvaltiberina.it\/gas\/wp-json\/wp\/v2\/media?parent=201"}],"curies":[{"name":"wp","href":"https:\/\/api.w.org\/{rel}","templated":true}]}}